 factors of 5001487.
5001487
List the prime factors of 7068855.
3, 5, 17, 19, 1459
What are the prime factors of 5158714?
2, 11, 21317
What are the prime factors of 10616903?
11, 87743
What are the prime factors of 775066?
2, 61, 6353
What are the prime factors of 189502?
2, 41, 2311
List the prime factors of 472993.
472993
List the prime factors of 177332.
2, 43, 1031
List the prime factors of 16537394.
2, 8268697
List the prime factors of 636319.
636319
What are the prime factors of 244460?
2, 5, 17, 719
List the prime factors of 23845003.
7, 13, 157, 1669
List the prime factors of 308852.
2, 77213
What are the prime factors of 720671?
7, 102953
What are the prime factors of 5587001?
7, 798143
List the prime factors of 7877605.
5, 1575521
What are the prime factors of 3646660?
2, 5, 182333
What are the prime factors of 197237?
59, 3343
List the prime factors of 453971.
7, 64853
What are the prime factors of 733477?
733477
What are the prime factors of 449109?
3, 139, 359
List the prime factors of 2989090.
2, 5, 13, 22993
What are the prime factors of 314891?
17, 18523
What are the prime factors of 9380277?
3, 17, 37, 1657
List the prime factors of 831324.
2, 3, 13, 73
What are the prime factors of 198389?
29, 6841
List the prime factors of 645096.
2, 3, 26879
List the prime factors of 2588067.
3, 137, 2099
What are the prime factors of 21994?
2, 7, 1571
What are the prime factors of 87943?
87943
List the prime factors of 169024.
2, 19, 139
List the prime factors of 23916597.
3, 7972199
List the prime factors of 32777.
73, 449
List the prime factors of 413908.
2, 11, 23, 409
List the prime factors of 33880.
2, 5, 7, 11
What are the prime factors of 9474337?
61, 155317
List the prime factors of 1741052.
2, 435263
What are the prime factors of 27185500?
2, 5, 54371
List the prime factors of 106448.
2, 6653
What are the prime factors of 827137?
787, 1051
What are the prime factors of 125493?
3, 59, 709
What are the prime factors of 801282?
2, 3, 83, 1609
List the prime factors of 456008.
2, 7, 17, 479
What are the prime factors of 140337?
3, 31, 503
What are the prime factors of 11215261?
601, 18661
What are the prime factors of 216431?
216431
List the prime factors of 545415.
3, 5, 13, 2797
List the prime factors of 60951.
3, 11, 1847
List the prime factors of 1323308.
2, 7, 167, 283
What are the prime factors of 180971?
7, 103, 251
What are the prime factors of 224173?
373, 601
What are the prime factors of 1867906?
2, 933953
List the prime factors of 357245.
5, 7, 59, 173
What are the prime factors of 8563722?
2, 3, 157, 9091
List the prime factors of 66607.
43, 1549
What are the prime factors of 195562?
2, 277, 353
List the prime factors of 2113400.
2, 5, 10567
List the prime factors of 1168701.
3, 389567
What are the prime factors of 387523?
277, 1399
List the prime factors of 3385790.
2, 5, 338579
List the prime factors of 1237202.
2, 61, 10141
List the prime factors of 18274675.
5, 19, 79, 487
List the prime factors of 3333017.
97, 34361
What are the prime factors of 1135786?
2, 23, 24691
List the prime factors of 6981564.
2, 3, 581797
List the prime factors of 5568326.
2, 811, 3433
List the prime factors of 330134.
2, 7, 23581
List the prime factors of 1834410.
2, 3, 5, 47, 1301
List the prime factors of 21266882.
2, 7, 13, 16693
What are the prime factors of 8222653?
59, 139367
What are the prime factors of 3674275?
5, 11, 31, 431
List the prime factors of 2585536.
2, 71, 569
What are the prime factors of 821523?
3, 251, 1091
List the prime factors of 1443923.
13, 109, 1019
What are the prime factors of 3649119?
3, 1216373
List the prime factors of 406187.
41, 9907
What are the prime factors of 17454408?
2, 3, 727267
List the prime factors of 930554.
2, 465277
What are the prime factors of 1402397?
1402397
List the prime factors of 221265.
3, 5, 11, 149
What are the prime factors of 3901530?
2, 3, 5, 130051
What are the prime factors of 960537?
3, 320179
List the prime factors of 19196745.
3, 5, 19, 193, 349
List the prime factors of 1565353.
19, 82387
What are the prime factors of 194265?
3, 5, 1439
What are the prime factors of 5054746?
2, 17, 148669
What are the prime factors of 655101?
3, 19, 1277
What are the prime factors of 728877?
3, 151, 1609
What are the prime factors of 177359?
7, 13, 1949
What are the prime factors of 8301983?
8301983
List the prime factors of 3054264.
2, 3, 127261
What are the prime factors of 9603792?
2, 3, 11, 43, 47
List the prime factors of 349322.
2, 389, 449
What are the prime factors of 335831?
41, 8191
What are the prime factors of 573829?
573829
What are the prime factors of 10215032?
2, 613, 2083
What are the prime factors of 2421464?
2, 53, 5711
List the prime factors of 619130.
2, 5, 101, 613
List the prime factors of 7831543.
17, 337, 1367
What are the prime factors of 1616395?
5, 11, 29389
List the prime factors of 1303233.
3, 434411
List the prime factors of 2617737.
3, 83, 10513
List the prime factors of 6633400.
2, 5, 17, 1951
List the prime factors of 498199.
13, 19, 2017
What are the prime factors of 1266954?
2, 3, 13, 37, 439
List the prime factors of 295284.
2, 3, 11, 2237
List the prime factors of 704604.
2, 3, 71, 827
List the prime factors of 13586.
2, 6793
List the prime factors of 229295.
5, 11, 379
What are the prime factors of 653670?
2, 3, 5, 269
List the prime factors of 70687.
70687
List the prime factors of 1193415.
3, 5, 79561
What are the prime factors of 850635?
3, 5, 6301
List the prime factors of 1610811.
3, 89, 2011
What are the prime factors of 3321906?
2, 3, 7, 11299
List the prime factors of 18749702.
2, 79, 118669
List the prime factors of 433595.
5, 86719
What are the prime factors of 2507689?
2507689
What are the prime factors of 46276?
2, 23, 503
List the prime factors of 294997.
294997
List the prime factors of 4273211.
43, 99377
What are the prime factors of 3945111?
3, 1315037
What are the prime factors of 462789?
3, 51421
List the prime factors of 1809056.
2, 56533
What are the prime factors of 7302619?
7302619
List the prime factors of 6404558.
2, 19, 168541
List the prime factors of 7382856.
2, 3, 13, 23663
List the prime factors of 264173.
7, 13, 2903
List the prime factors of 1154940.
2, 3, 5, 19249
What are the prime factors of 3547766?
2, 1773883
List the prime factors of 15303338.
2, 2207, 3467
List the prime factors of 300815.
5, 17, 3539
What are the prime factors of 1001096?
2, 17, 433
What are the prime factors of 328710?
2, 3, 5, 10957
What are the prime factors of 138867?
3, 41, 1129
List the prime factors of 493284.
2, 3, 11, 37, 101
List the prime factors of 365934.
2, 3, 71, 859
List the prime factors of 732754.
2, 11, 19, 1753
What are the prime factors of 3666928?
2, 31, 7393
What are the prime factors of 171658?
2, 85829
What are the prime factors of 7220603?
13, 43, 12917
List the prime factors of 959446.
2, 17, 28219
List the prime factors of 1508482.
2, 754241
List the prime factors of 8071834.
2, 41, 173, 569
List the prime factors of 5650916.
2, 23, 239, 257
What are the prime factors of 8675493?
3, 2891831
What are the prime factors of 164560?
2, 5, 11, 17
List the prime factors of 18503833.
41, 451313
What are the prime factors of 14413093?
17, 373, 2273
What are the prime factors of 703004?
2, 181, 971
What are the prime factors of 174002?
2, 19, 241
What are the prime factors of 13150254?
2, 3, 13, 53, 3181
What are the prime factors of 628831?
7, 89833
What are the prime factors of 1256832?
2, 3, 1091
What are the prime factors of 14365589?
7, 757, 2711
What are the prime factors of 23782920?
2, 3, 5, 7, 23, 1231
List the prime factors of 37627871.
47, 800593
List the prime factors of 218949.
3, 59, 1237
List the prime factors of 271699.
23, 11813
What are the prime factors of 4223648?
2, 11, 13, 71
What are the prime factors of 1877699?
503, 3733
List the prime factors of 4203601.
4203601
What are the prime factors of 202156?
2, 50539
What are the prime factors of 2546213?
2546213
What are the prime factors of 284760?
2, 3, 5, 7, 113
What are the prime factors of 38173437?
3, 471277
What are the prime factors of 39218?
2, 19609
List the prime factors of 1124151.
3, 7, 199, 269
What are the prime factors of 5227805?
5, 11, 86